e prime factors of ((-28)/(-3))/(y/(-3)).
2, 7
Let a = 59 + -107. List the prime factors of 1/6 - 1000/a.
3, 7
Let n = 860 - 308. Suppose -9*g + n = -3*g. List the prime factors of g.
2, 23
Suppose 3*c = -w - 292, -101 = c - 3*w + 13. Let i = c + 323. List the prime factors of i.
2, 7
Let q(f) = 3*f + 29. Let y be q(-7). Suppose -140 = 4*v - y*v. List the prime factors of v.
5, 7
Suppose -3*t + 5 = 5*s, 4*t = -0*t + 3*s + 55. Let a = 4 - t. Let f = 40 + a. List the prime factors of f.
2, 17
Suppose -4*q - 136 = 4*y, 4*q + 4*y + 138 = y. Let c = -5 - q. What are the prime factors of c?
31
Let f be 3/(-2)*(-24)/(-54)*-3. Suppose x = f*x - 130. What are the prime factors of x?
2, 5, 13
Suppose 8*u = 2*u + 12. Suppose -6*v + u*v = 0. Suppose v = s - 5, 0 = 2*k - k + 2*s - 52. What are the prime factors of k?
2, 3, 7
Let v(o) = -96*o**3 - 11*o**2 + 3*o + 1. What are the prime factors of v(-2)?
719
Suppose -h = -3*s + 177 - 643, 474 = h - s. Suppose -5*z + 4*y - 172 = -h, z + 5*y = 67. List the prime factors of z.
2, 31
Suppose -5*j = i + 3*i - 56, -5*j = -5*i - 20. Suppose -2*r - 144 = -j*r. Suppose p = 3*b + 4*p - r, 0 = 4*p + 12. What are the prime factors of b?
11
Suppose -5*o = 6 - 21. Suppose -5*j = 5*b, -b - 1 - 15 = -o*j. Suppose 5*f - 5 = 0, 2*f + 0*f + 94 = j*t. What are the prime factors of t?
2, 3
List the prime factors of (-27)/18 + (-4722)/(-12).
2, 7
Suppose q = 2*q - 5. Let f(o) = o**2 - 4*o - 21. Let j be f(9). Let i = j - q. List the prime factors of i.
19
Suppose j - 4*j + 45 = 0. Let o be (-14)/105 - 238/j. Let b = 9 - o. What are the prime factors of b?
5
Suppose -4*v - 374 = -2*i, -2*v = -0*i - 5*i + 951. Let h(y) = y - 5. Let l be h(9). Suppose l*f + 27 = i. List the prime factors of f.
41
What are the prime factors of 3/(-18) - 31810/(-60)?
2, 5, 53
Suppose 202 + 82 = h. Let c = h - 182. What are the prime factors of c?
2, 3, 17
Let p be (0 - 2)*(2 + (-3828)/8). Suppose 0 = -5*h - 3*c - 0*c + 1182, 4*h - 5*c - p = 0. List the prime factors of h.
3, 79
Suppose -40 = -j + 5*p + 374, 2*p - 6 = 0. List the prime factors of j.
3, 11, 13
Let u(j) = 1574*j - 150. List the prime factors of u(3).
2, 3, 127
Let p(z) = -z**2 + 23*z + 9. Let d be p(10). Let o = 222 - d. List the prime factors of o.
83
Let y be (-5)/30 + (-1405)/(-6). Let m = -127 + y. What are the prime factors of m?
107
Suppose -4*a + 48 = 5*f - 2*f, 4*a = 4*f + 20. Suppose 104 = a*r - 4. What are the prime factors of r?
2, 3
What are the prime factors of 3 + (2 - 0) + -3 + 8?
2, 5
Let h = 60 - 19. Let s(j) = -j**3 + j**2 + 4*j. Let n be s(2). Suppose -a + n*r = -25, r + 4*r = -3*a + h. What are the prime factors of a?
17
Suppose 5*d + 0*l + 4 = -4*l, 0 = l - 4. Let b(p) = -4*p**2 - 8. Let w be b(d). What are the prime factors of (-2826)/w - (-2)/(-8)?
3, 13
Suppose -5*h = -0*h - 5*w + 770, 0 = -4*w + 16. Let o = h - -358. List the prime factors of o.
2, 13
Suppose 4*o + 36 = 1548. Suppose -10*d - o = -16*d. List the prime factors of d.
3, 7
Suppose -15*y = -12*y - 18. Suppose 4*v - y = 2*v. Suppose 5*j - v*j - 138 = 0. What are the prime factors of j?
3, 23
Let i = 371 + -337. Let c(n) = -9*n**2 + 4*n - 2. Let k be c(2). Let g = k + i. List the prime factors of g.
2
Let g = 5936 - 3923. List the prime factors of g.
3, 11, 61
Let o = -2 + -5. Let l(v) = -11*v - 8. Let c be l(o). Suppose 5*p - 4*n = 291, 92 = 3*p + n - c. List the prime factors of p.
5, 11
Let j(g) be the second derivative of g**4/12 + 5*g**2/2 - 5*g. Let o be j(0). Suppose -2*x + 21 + 35 = -4*p, p = -o. What are the prime factors of x?
2, 3
Let k = -38 + 58. Let c = -9 - k. Let s = c - -49. List the prime factors of s.
2, 5
Let s(x) be the second derivative of -3*x**2 + 9*x + 1/12*x**4 + 0 - 7/6*x**3. List the prime factors of s(-6).
2, 3
Let i(n) = 258*n + 5. What are the prime factors of i(3)?
19, 41
Let m(k) = 10*k + 1. Suppose 0 = 11*i - 2*i - 36. What are the prime factors of m(i)?
41
Let d(u) = -u**2 + 5*u + 1. Suppose 0 = 5*v - 9 - 1. Suppose -v = -j + 2. What are the prime factors of d(j)?
5
Suppose 2*q = -1 + 7, 5*u + q = 3. Let p(t) = -t**2 - 3*t - 1. Let x be p(-3). What are the prime factors of (u + 36/(-1))/x?
2, 3
Suppose -5*j - 11 = -36. Suppose -5*m - 1015 = -j*b, b - 5*m - 409 = -b. List the prime factors of b.
2, 101
Let o = 96 - 86. What are the prime factors of (5/(5/(-13)))/((-1)/o)?
2, 5, 13
What are the prime factors of 846/15 + (-26)/65?
2, 7
Suppose 0 = -10*s - 65 + 5. What are the prime factors of -6*(0 - (-172)/s)?
2, 43
Suppose 7*m = 20 - 6. Suppose 4*n = -3*c + 473, -151 = c - m*c - 3*n. What are the prime factors of c?
163
Suppose -3*w + 2*x = 647, 7*w + 1057 = 2*w - 2*x. Let o = w + 363. What are the prime factors of o?
2, 3, 5
Let z = -118 + 122. What are the prime factors of -2 + z + 0 - -103?
3, 5, 7
List the prime factors of (-147552)/(-184) + (-2)/(-23).
2, 401
Suppose 2*c + 4*h + 5 - 3 = 0, -3*c - 4*h = 5. What are the prime factors of -3*c/18 - (-235)/10?
2, 3
Suppose 0 = 49*s - 25*s - 40008. List the prime factors of s.
1667
Let u(m) = 15 + 4*m**2 - 5*m**2 + 1087*m**3 - 1088*m**3 + 5*m. What are the prime factors of u(-6)?
3, 5, 11
Suppose -y + 63 = l - 0*y, -83 = -l + 3*y. Suppose 3*g = -b + l, 134 = 3*b - b + 4*g. What are the prime factors of b?
5, 13
Let n be -7*((-16)/(-28))/(-2). Suppose -n = 2*x + 18. Let m = x - -22. What are the prime factors of m?
2, 3
Let s(r) = 140*r - 590. What are the prime factors of s(20)?
2, 5, 13, 17
Suppose -5*t + 3*l = 0, 7*l = -4*t + 2*l + 37. Let i(g) = 4 + g**3 + 7*g - 7*g - 3*g**2 + 2*g. What are the prime factors of i(t)?
2, 5
Suppose -29*n = -21*n - 8744. What are the prime factors of n?
1093
Let r(a) = 66*a + 734. What are the prime factors of r(-6)?
2, 13
Suppose -5*l + 2 + 18 = 0. Let i(z) = -z**3 + 5*z**2 + 3*z + 8. What are the prime factors of i(l)?
2, 3
Let x(t) = t**2 - 11*t + 6. Let q be x(11). Let s = q - -1. List the prime factors of s.
7
Suppose -5*p + 90 = -5*z, -z = 2*p - 23 + 2. List the prime factors of 2032/60 + p/(-15) + 1.
2, 17
Suppose 13*k - 12756 = -4150. What are the prime factors of k?
2, 331
Suppose -r - 2*p = -937, 941 = r + 3*p - 0*p. List the prime factors of r.
929
Let i be 1/(-2)*(24 - 2). Let a = i - -8. Let s(n) = 2*n**2 + 4*n + 4. What are the prime factors of s(a)?
2, 5
Let f(a) = -a**3 + a**2 + 3. Let y be f(0). Suppose 0 = -5*i + y*c + 318, 5*i = -c + 2*c + 326. What are the prime factors of i?
2, 3, 11
Let j(n) = 15*n**2 - 5*n + 7. Let a(x) = -23*x**2 + 7*x - 11. Let i(w) = 5*a(w) + 8*j(w). List the prime factors of i(7).
211
Suppose -3*o + 1 = 2*h, -25 = -9*h + 4*h - 3*o. Let x(f) = -54*f + 60. Let q(s) = -11*s + 12. Let l(p) = 14*q(p) - 3*x(p). What are the prime factors of l(h)?
2, 13
Suppose -4*n + 15 = -n. Suppose -2*z + 5*i - 6 = -81, -4*i + 270 = n*z. What are the prime factors of z?
2, 5
Suppose 63*u = 78*u - 27345. What are the prime factors of u?
1823
Let s be ((-48)/(-32))/((-3)/(-4)). What are the prime factors of s + 34 + 1 + -6 + 6?
37
Let n(y) be the first derivative of 47*y**5/120 - y**4/24 + 3*y**3 - 11. Let s(x) be the third derivative of n(x). What are the prime factors of s(1)?
2, 23
What are the prime factors of 7 - 2039/4*(-60)/15?
2, 3, 11, 31
Let c = 0 + 0. Suppose -40 = -l - 40. List the prime factors of 4*7 + c + l.
2, 7
Let z(x) = 15*x**2 + 10 - 13*x + 2*x + x**3 - 3 - 10*x**2. What are the prime factors of z(-6)?
37
Suppose 21*s = -3*c + 17*s + 4621, s + 7740 = 5*c. What are the prime factors of c?
7, 13, 17
Suppose -y = -4*y + d + 34, y - 3*d = 14. Suppose 0 = -y*q + 10*q + 79. List the prime factors of q.
79
Suppose 4*r - 3 - 13 = 0. Suppose 0*b + 12 = r*b. List the prime factors of b.
3
Let f(u) = -u**2 + 9*u - 8. Let q be f(8). Let k(n) = -n**2 + 22. Let j be k(q). Suppose j = -2*r + 3*r. What are the prime factors of r?
2, 11
Suppose 11*q - 5*q = 1194. List the prime factors of q.
199
Suppose 0 = -o + 8. Let d be o/2 - (-8)/(-4). What are the prime factors of (0 - d)*(-29)/2?
29
Suppose 6*k = -2*k - 3*k. Suppose k = 2*a + 47 - 353. What are the prime factors of a?
3, 17
Let c = 7 - 4. Suppose -5*y - 13 + 3 = -c*v, -5*y = 2*v - 15. Suppose -3*o = -2*u + 121, 0 = -u - 0*o + v*o + 78. List the prime factors of u.
53
Suppose 0*b = -4*i - 3*b + 95, -4*i 